 digit of 2856?
8
What is the units digit of 16250?
0
What is the hundred thousands digit of 110253?
1
What is the tens digit of 45611?
1
What is the units digit of 5615?
5
What is the tens digit of 3196?
9
What is the units digit of 6517?
7
What is the ten thousands digit of 53516?
5
What is the units digit of 5801?
1
What is the thousands digit of 6221?
6
What is the thousands digit of 4404?
4
What is the tens digit of 3842?
4
What is the tens digit of 1808?
0
What is the units digit of 1476?
6
What is the ten thousands digit of 122249?
2
What is the units digit of 748?
8
What is the hundreds digit of 259?
2
What is the ten thousands digit of 14290?
1
What is the hundreds digit of 17820?
8
What is the hundreds digit of 586?
5
What is the ten thousands digit of 23713?
2
What is the hundreds digit of 20630?
6
What is the hundreds digit of 78165?
1
What is the thousands digit of 14947?
4
What is the hundreds digit of 20167?
1
What is the thousands digit of 3376?
3
What is the hundreds digit of 1355?
3
What is the tens digit of 2253?
5
What is the tens digit of 5099?
9
What is the tens digit of 1431?
3
What is the units digit of 6192?
2
What is the tens digit of 32638?
3
What is the hundreds digit of 16215?
2
What is the ten thousands digit of 31408?
3
What is the thousands digit of 157189?
7
What is the units digit of 5589?
9
What is the thousands digit of 51648?
1
What is the tens digit of 735?
3
What is the units digit of 1398?
8
What is the hundreds digit of 1595?
5
What is the hundreds digit of 1426?
4
What is the tens digit of 10181?
8
What is the tens digit of 5128?
2
What is the thousands digit of 1088?
1
What is the tens digit of 2711?
1
What is the tens digit of 2183?
8
What is the units digit of 4296?
6
What is the ten thousands digit of 31019?
3
What is the hundreds digit of 333?
3
What is the units digit of 32370?
0
What is the tens digit of 2404?
0
What is the thousands digit of 17480?
7
What is the hundreds digit of 49341?
3
What is the thousands digit of 9868?
9
What is the thousands digit of 54220?
4
What is the units digit of 498?
8
What is the tens digit of 712?
1
What is the ten thousands digit of 35443?
3
What is the hundreds digit of 6660?
6
What is the ten thousands digit of 15665?
1
What is the ten thousands digit of 13383?
1
What is the tens digit of 194881?
8
What is the ten thousands digit of 25489?
2
What is the tens digit of 27977?
7
What is the tens digit of 811?
1
What is the hundreds digit of 7394?
3
What is the hundreds digit of 833?
8
What is the thousands digit of 3600?
3
What is the tens digit of 341?
4
What is the units digit of 45745?
5
What is the ten thousands digit of 11526?
1
What is the hundreds digit of 2238?
2
What is the tens digit of 16067?
6
What is the tens digit of 397?
9
What is the hundreds digit of 1823?
8
What is the units digit of 3383?
3
What is the tens digit of 84972?
7
What is the tens digit of 53601?
0
What is the ten thousands digit of 21520?
2
What is the tens digit of 5641?
4
What is the units digit of 3?
3
What is the thousands digit of 5201?
5
What is the hundreds digit of 4871?
8
What is the hundreds digit of 11774?
7
What is the tens digit of 3859?
5
What is the hundreds digit of 13377?
3
What is the tens digit of 1294?
9
What is the hundreds digit of 9355?
3
What is the tens digit of 340?
4
What is the units digit of 6876?
6
What is the thousands digit of 13384?
3
What is the tens digit of 482?
8
What is the thousands digit of 1914?
1
What is the units digit of 9274?
4
What is the tens digit of 1767?
6
What is the hundreds digit of 119849?
8
What is the units digit of 24921?
1
What is the units digit of 910?
0
What is the hundreds digit of 11626?
6
What is the units digit of 5249?
9
What is the thousands digit of 1502?
1
What is the ten thousands digit of 113634?
1
What is the ten thousands digit of 62860?
6
What is the thousands digit of 7932?
7
What is the thousands digit of 133965?
3
What is the thousands digit of 113361?
3
What is the ten thousands digit of 23127?
2
What is the hundreds digit of 4933?
9
What is the hundreds digit of 21586?
5
What is the tens digit of 19716?
1
What is the thousands digit of 33266?
3
What is the hundreds digit of 14568?
5
What is the hundreds digit of 807?
8
What is the tens digit of 11512?
1
What is the tens digit of 5193?
9
What is the thousands digit of 13975?
3
What is the thousands digit of 55665?
5
What is the tens digit of 77?
7
What is the ten thousands digit of 56135?
5
What is the hundreds digit of 1409?
4
What is the units digit of 155194?
4
What is the thousands digit of 5237?
5
What is the hundreds digit of 31535?
5
What is the thousands digit of 13916?
3
What is the thousands digit of 8418?
8
What is the units digit of 418?
8
What is the thousands digit of 4365?
4
What is the units digit of 9438?
8
What is the units digit of 43288?
8
What is the thousands digit of 8286?
8
What is the units digit of 24892?
2
What is the thousands digit of 5606?
5
What is the hundreds digit of 89159?
1
What is the units digit of 1218?
8
What is the thousands digit of 1388?
1
What is the hundreds digit of 184?
1
What is the hundreds digit of 579?
5
What is the units digit of 1759?
9
What is the tens digit of 88?
8
What is the tens digit of 34289?
8
What is the hundreds digit of 242?
2
What is the ten thousands digit of 45536?
4
What is the hundreds digit of 892?
8
What is the units digit of 501?
1
What is the tens digit of 6374?
7
What is the tens digit of 2934?
3
What is the units digit of 6962?
2
What is the hundreds digit of 17368?
3
What is the units digit of 834?
4
What is the thousands digit of 45745?
5
What is the hundreds digit of 11061?
0
What is the hundreds digit of 6146?
1
What is the thousands digit of 11037?
1
What is the units digit of 1062?
2
What is the units digit of 833?
3
What is the units digit of 65036?
6
What is the units digit of 543?
3
What is the ten thousands digit of 85378?
8
What is the thousands digit of 180733?
0
What is the units digit of 5037?
7
What is the units digit of 635?
5
What is the tens digit of 37?
3
What is the hundreds digit of 2331?
3
What is the hundreds digit of 725?
7
What is the hundreds digit of 3562?
5
What is the hundreds digit of 9026?
0
What is the tens digit of 77334?
3
What is the tens digit of 25320?
2
What is the units digit of 29?
9
What is the hundreds digit of 19532?
5
What is the hundreds digit of 2606?
6
What is the hundreds digit of 801?
8
What is the tens digit of 89085?
8
What is the thousands digit of 174255?
4
What is the tens digit of 1022?
2
What is the units digit of 13430?
0
What is the hundreds digit of 38386?
3
What is the units digit of 5868?
8
What is the ten thousands digit of 38615?
3
What is the hundreds digit of 113577?
5
What is the tens digit of 3974?
7
What is the hundreds digit of 40507?
5
What is the tens digit of 1839?
3
What is the ten thousands digit of 11709?
1
What is the units digit of 4931?
1
What is the tens digit of 2717?
1
What is the hundreds digit of 23480?
4
What is the hundreds digit of 25402?
4
What is the units digit of 100846?
6
What is the ten thousands digit of 96635?
9
What is the hundreds digit of 1459?
4
What is the tens digit of 26?
2
What is the thousands digit of 1327?
1
What is the hundreds digit of 26236?
2
What is the units digit of 333?
3
What is the units digit of 4159?
9
What is the hundreds digit of 171?
1
What is the hundreds digit of 1950?
9
What is the units digit of 3733?
3
What is the hundreds digit of 9875?
8
What is the units digit of 3474?
4
What is the units digit of 160093?
3
What is the thousands digit of 35531?
5
What is the hundreds digit of 416?
4
What is the thousands digit of 7800?
7
What is the thousands digit of 2192?
2
What is the units digit of 20166?
6
What is the thousands digit of 7584?
7
What is the ten thousands digit of 42322?
4
What is the thousands digit of 2113?
2
What is the hundreds digit of 48013?
0
What is the units digit of 6231?
1
What is the tens digit of 757?
5
What is the ten thousands digit of 25405?
2
What is the thousands digit of 38093?
8
What is the thousands digit of 26729?
6
What is the hundreds digit of 18054?
0
What is the units digit of 1684?
4
What is the tens digit of 1068?
6
Wha